eds digit of 607?
6
What is the tens digit of 434?
3
What is the hundreds digit of 12656?
6
What is the thousands digit of 3130?
3
What is the tens digit of 1224?
2
What is the hundreds digit of 6906?
9
What is the hundreds digit of 2687?
6
What is the tens digit of 55948?
4
What is the tens digit of 23094?
9
What is the hundreds digit of 1102?
1
What is the tens digit of 40654?
5
What is the tens digit of 14073?
7
What is the units digit of 3946?
6
What is the ten thousands digit of 10071?
1
What is the tens digit of 874?
7
What is the units digit of 39488?
8
What is the tens digit of 6713?
1
What is the units digit of 673?
3
What is the thousands digit of 53627?
3
What is the ten thousands digit of 48580?
4
What is the thousands digit of 2015?
2
What is the hundreds digit of 294?
2
What is the tens digit of 5913?
1
What is the tens digit of 1299?
9
What is the units digit of 589?
9
What is the units digit of 124467?
7
What is the tens digit of 712?
1
What is the thousands digit of 24017?
4
What is the units digit of 37936?
6
What is the tens digit of 11764?
6
What is the tens digit of 913?
1
What is the units digit of 5431?
1
What is the thousands digit of 26453?
6
What is the hundreds digit of 3722?
7
What is the thousands digit of 1138?
1
What is the ten thousands digit of 60548?
6
What is the tens digit of 1372?
7
What is the hundreds digit of 411?
4
What is the units digit of 9247?
7
What is the units digit of 828?
8
What is the hundreds digit of 25846?
8
What is the units digit of 129?
9
What is the tens digit of 775?
7
What is the hundreds digit of 574?
5
What is the hundreds digit of 2111?
1
What is the thousands digit of 2755?
2
What is the hundreds digit of 3239?
2
What is the units digit of 14375?
5
What is the hundreds digit of 2837?
8
What is the hundreds digit of 1787?
7
What is the thousands digit of 3612?
3
What is the units digit of 5921?
1
What is the tens digit of 17634?
3
What is the tens digit of 6227?
2
What is the units digit of 539?
9
What is the thousands digit of 2922?
2
What is the thousands digit of 4552?
4
What is the ten thousands digit of 12624?
1
What is the tens digit of 484?
8
What is the ten thousands digit of 10912?
1
What is the tens digit of 1838?
3
What is the thousands digit of 8369?
8
What is the hundreds digit of 20728?
7
What is the units digit of 99968?
8
What is the ten thousands digit of 29806?
2
What is the units digit of 7344?
4
What is the hundreds digit of 10524?
5
What is the hundred thousands digit of 145504?
1
What is the thousands digit of 3062?
3
What is the hundreds digit of 535?
5
What is the tens digit of 455?
5
What is the units digit of 15560?
0
What is the thousands digit of 2104?
2
What is the thousands digit of 7717?
7
What is the ten thousands digit of 71316?
7
What is the thousands digit of 7568?
7
What is the hundreds digit of 66790?
7
What is the hundreds digit of 31682?
6
What is the units digit of 5995?
5
What is the tens digit of 748?
4
What is the units digit of 6730?
0
What is the tens digit of 13754?
5
What is the thousands digit of 19323?
9
What is the tens digit of 76387?
8
What is the units digit of 1010?
0
What is the hundreds digit of 23614?
6
What is the hundreds digit of 3684?
6
What is the thousands digit of 9477?
9
What is the units digit of 16569?
9
What is the hundreds digit of 1478?
4
What is the units digit of 1358?
8
What is the hundreds digit of 5717?
7
What is the hundreds digit of 6601?
6
What is the units digit of 14395?
5
What is the units digit of 276?
6
What is the tens digit of 30841?
4
What is the thousands digit of 3607?
3
What is the ten thousands digit of 70931?
7
What is the units digit of 3071?
1
What is the tens digit of 20138?
3
What is the hundreds digit of 985?
9
What is the thousands digit of 65322?
5
What is the tens digit of 79?
7
What is the ten thousands digit of 51124?
5
What is the thousands digit of 13634?
3
What is the ten thousands digit of 68188?
6
What is the hundreds digit of 236?
2
What is the hundreds digit of 1154?
1
What is the tens digit of 879?
7
What is the thousands digit of 8373?
8
What is the units digit of 63966?
6
What is the thousands digit of 5934?
5
What is the hundreds digit of 3130?
1
What is the units digit of 32878?
8
What is the thousands digit of 4875?
4
What is the ten thousands digit of 95166?
9
What is the thousands digit of 41284?
1
What is the hundreds digit of 192?
1
What is the thousands digit of 5243?
5
What is the hundreds digit of 127432?
4
What is the ten thousands digit of 12141?
1
What is the hundreds digit of 33354?
3
What is the hundreds digit of 4211?
2
What is the hundreds digit of 1007?
0
What is the ten thousands digit of 19430?
1
What is the hundreds digit of 50058?
0
What is the thousands digit of 9300?
9
What is the thousands digit of 14704?
4
What is the tens digit of 71377?
7
What is the ten thousands digit of 122050?
2
What is the hundreds digit of 975?
9
What is the tens digit of 178?
7
What is the units digit of 38897?
7
What is the tens digit of 2011?
1
What is the hundreds digit of 12107?
1
What is the thousands digit of 41612?
1
What is the tens digit of 113039?
3
What is the ten thousands digit of 28611?
2
What is the hundreds digit of 663?
6
What is the units digit of 307?
7
What is the hundreds digit of 304?
3
What is the hundreds digit of 32839?
8
What is the hundreds digit of 19819?
8
What is the hundreds digit of 10997?
9
What is the thousands digit of 1012?
1
What is the thousands digit of 41726?
1
What is the units digit of 1745?
5
What is the units digit of 832?
2
What is the hundreds digit of 952?
9
What is the hundreds digit of 75424?
4
What is the hundreds digit of 95862?
8
What is the units digit of 1181?
1
What is the tens digit of 3388?
8
What is the ten thousands digit of 21086?
2
What is the tens digit of 546?
4
What is the thousands digit of 138305?
8
What is the tens digit of 103552?
5
What is the units digit of 5349?
9
What is the units digit of 5854?
4
What is the tens digit of 584?
8
What is the hundreds digit of 3015?
0
What is the ten thousands digit of 66450?
6
What is the tens digit of 54820?
2
What is the hundreds digit of 36343?
3
What is the hundreds digit of 43613?
6
What is the hundreds digit of 7167?
1
What is the units digit of 4160?
0
What is the units digit of 52619?
9
What is the units digit of 290?
0
What is the hundreds digit of 4035?
0
What is the tens digit of 379?
7
What is the hundreds digit of 123200?
2
What is the ten thousands digit of 15924?
1
What is the hundreds digit of 15346?
3
What is the thousands digit of 155747?
5
What is the hundreds digit of 5791?
7
What is the thousands digit of 9712?
9
What is the hundreds digit of 7080?
0
What is the tens digit of 981?
8
What is the units digit of 19275?
5
What is the hundreds digit of 4090?
0
What is the units digit of 5829?
9
What is the hundreds digit of 20126?
1
What is the units digit of 1231?
1
What is the hundreds digit of 749?
7
What is the thousands digit of 20016?
0
What is the hundreds digit of 88334?
3
What is the hundreds digit of 12446?
4
What is the thousands digit of 1976?
1
What is the tens digit of 12734?
3
What is the units digit of 1238?
8
What is the ten thousands digit of 41194?
4
What is the units digit of 269?
9
What is the ten thousands digit of 24193?
2
What is the hundreds digit of 2237?
2
What is the units digit of 334?
4
What is the hundreds digit of 5458?
4
What is the tens digit of 1451?
5
What is the ten thousands digit of 32567?
3
What is the thousands digit of 27267?
7
What is the ten thousands digit of 128483?
2
What is the thousands digit of 7634?
7
What is the thousands digit of 8333?
8
What is the units digit of 444?
4
What is the units digit of 5585?
5
What is the tens digit of 1156?
5
What is the units digit of 768?
8
What is the tens digit of 191929?
2
What is the tens digit of 1599?
9
What is the hundreds digit of 47385?
3
What is the units digit of 11008?
8
What is the hundreds digit of 6377?
3
What is the units digit of 1481?
1
What is the hundreds digit of 530?
5
What is the units digit of 8742?
2
What is the units digit of 3152?
2
What is the thousands digit of 5268?
5
What is the thousands digit of 5074?
5
What is the thousands digit 